{"id":665,"date":"2025-03-16T17:59:42","date_gmt":"2025-03-16T17:59:42","guid":{"rendered":"https:\/\/blissful-tesla.45-82-121-115.plesk.page\/?page_id=665"},"modified":"2025-03-16T23:12:06","modified_gmt":"2025-03-16T23:12:06","slug":"beratung","status":"publish","type":"page","link":"https:\/\/blissful-tesla.45-82-121-115.plesk.page\/index.php\/beratung\/","title":{"rendered":"Beratung"},"content":{"rendered":"\t\t<div data-elementor-type=\"wp-page\" data-elementor-id=\"665\" class=\"elementor elementor-665\">\n\t\t\t\t<div class=\"elementor-element elementor-element-44f19c4 e-flex e-con-boxed e-con e-parent\" data-id=\"44f19c4\" data-element_type=\"container\" data-settings=\"{&quot;background_background&quot;:&quot;classic&quot;}\">\n\t\t\t\t\t<div class=\"e-con-inner\">\n\t\t\t\t<div class=\"elementor-element elementor-element-388bb84 elementor-widget elementor-widget-spacer\" data-id=\"388bb84\" data-element_type=\"widget\" data-widget_type=\"spacer.default\">\n\t\t\t\t<div class=\"elementor-widget-container\">\n\t\t\t\t\t\t\t<div class=\"elementor-spacer\">\n\t\t\t<div class=\"elementor-spacer-inner\"><\/div>\n\t\t<\/div>\n\t\t\t\t\t\t<\/div>\n\t\t\t\t<\/div>\n\t\t\t\t<div class=\"elementor-element elementor-element-ddad25b elementor-widget elementor-widget-heading\" data-id=\"ddad25b\" data-element_type=\"widget\" data-widget_type=\"heading.default\">\n\t\t\t\t<div class=\"elementor-widget-container\">\n\t\t\t\t\t<h1 class=\"elementor-heading-title elementor-size-default\">Individuelle Beratung<\/h1>\t\t\t\t<\/div>\n\t\t\t\t<\/div>\n\t\t\t\t<div class=\"elementor-element elementor-element-56e645e elementor-widget elementor-widget-heading\" data-id=\"56e645e\" data-element_type=\"widget\" data-widget_type=\"heading.default\">\n\t\t\t\t<div class=\"elementor-widget-container\">\n\t\t\t\t\t<h2 class=\"elementor-heading-title elementor-size-default\">klar, reflektiert &amp; handlungsorientiert<\/h2>\t\t\t\t<\/div>\n\t\t\t\t<\/div>\n\t\t<div class=\"elementor-element elementor-element-e6635a9 e-grid e-con-full e-con e-child\" data-id=\"e6635a9\" data-element_type=\"container\">\n\t\t\t\t<div class=\"elementor-element elementor-element-c49b9fb elementor-align-right elementor-widget elementor-widget-button\" data-id=\"c49b9fb\" data-element_type=\"widget\" data-widget_type=\"button.default\">\n\t\t\t\t<div class=\"elementor-widget-container\">\n\t\t\t\t\t\t\t\t\t<div class=\"elementor-button-wrapper\">\n\t\t\t\t\t<a class=\"elementor-button elementor-button-link elementor-size-sm elementor-animation-grow\" href=\"#\">\n\t\t\t\t\t\t<span class=\"elementor-button-content-wrapper\">\n\t\t\t\t\t\t\t\t\t<span class=\"elementor-button-text\">Kontaktieren<\/span>\n\t\t\t\t\t<\/span>\n\t\t\t\t\t<\/a>\n\t\t\t\t<\/div>\n\t\t\t\t\t\t\t\t<\/div>\n\t\t\t\t<\/div>\n\t\t\t\t<div class=\"elementor-element elementor-element-e8ef133 elementor-align-left elementor-widget elementor-widget-button\" data-id=\"e8ef133\" data-element_type=\"widget\" data-widget_type=\"button.default\">\n\t\t\t\t<div class=\"elementor-widget-container\">\n\t\t\t\t\t\t\t\t\t<div class=\"elementor-button-wrapper\">\n\t\t\t\t\t<a class=\"elementor-button elementor-button-link elementor-size-sm elementor-animation-grow\" href=\"#\">\n\t\t\t\t\t\t<span class=\"elementor-button-content-wrapper\">\n\t\t\t\t\t\t\t\t\t<span class=\"elementor-button-text\">Mehr Erfahren<\/span>\n\t\t\t\t\t<\/span>\n\t\t\t\t\t<\/a>\n\t\t\t\t<\/div>\n\t\t\t\t\t\t\t\t<\/div>\n\t\t\t\t<\/div>\n\t\t\t\t<\/div>\n\t\t\t\t\t<\/div>\n\t\t\t\t<\/div>\n\t\t<div class=\"elementor-element elementor-element-cac42d9 e-flex e-con-boxed e-con e-parent\" data-id=\"cac42d9\" data-element_type=\"container\" data-settings=\"{&quot;background_background&quot;:&quot;classic&quot;}\">\n\t\t\t\t\t<div class=\"e-con-inner\">\n\t\t<div class=\"elementor-element elementor-element-ec31d29 e-grid e-con-full e-con e-child\" data-id=\"ec31d29\" data-element_type=\"container\">\n\t\t<div class=\"elementor-element elementor-element-1c984f2 e-con-full e-flex e-con e-child\" data-id=\"1c984f2\" data-element_type=\"container\" data-settings=\"{&quot;background_background&quot;:&quot;classic&quot;}\">\n\t\t\t\t<div class=\"elementor-element elementor-element-0784862 elementor-widget elementor-widget-text-editor\" data-id=\"0784862\" data-element_type=\"widget\" data-widget_type=\"text-editor.default\">\n\t\t\t\t<div class=\"elementor-widget-container\">\n\t\t\t\t\t\t\t\t\t<h5><span style=\"color: #ff6600;\">Kommunikation:<\/span><\/h5><p>Strategien entwickeln, um klar, zielgerichtet und \u00fcberzeugend zu kommunizieren \u2013 auch in herausfordernden Situationen.<\/p><p>\u00a0<\/p>\t\t\t\t\t\t\t\t<\/div>\n\t\t\t\t<\/div>\n\t\t\t\t<\/div>\n\t\t<div class=\"elementor-element elementor-element-0a6a1a1 e-con-full e-flex e-con e-child\" data-id=\"0a6a1a1\" data-element_type=\"container\" data-settings=\"{&quot;background_background&quot;:&quot;classic&quot;}\">\n\t\t\t\t<div class=\"elementor-element elementor-element-afd8724 elementor-widget elementor-widget-text-editor\" data-id=\"afd8724\" data-element_type=\"widget\" data-widget_type=\"text-editor.default\">\n\t\t\t\t<div class=\"elementor-widget-container\">\n\t\t\t\t\t\t\t\t\t<h5><span style=\"color: #ff6600;\">Pr\u00e4sentation<\/span><\/h5><p>\u00a0Inhalte wirkungsvoll aufbereiten, souver\u00e4n pr\u00e4sentieren und die eigene Pr\u00e4senz gezielt optimieren.<\/p><p>\u00a0<\/p>\t\t\t\t\t\t\t\t<\/div>\n\t\t\t\t<\/div>\n\t\t\t\t<\/div>\n\t\t<div class=\"elementor-element elementor-element-ea7f613 e-con-full e-flex e-con e-child\" data-id=\"ea7f613\" data-element_type=\"container\" data-settings=\"{&quot;background_background&quot;:&quot;classic&quot;}\">\n\t\t\t\t<div class=\"elementor-element elementor-element-663316f elementor-widget elementor-widget-text-editor\" data-id=\"663316f\" data-element_type=\"widget\" data-widget_type=\"text-editor.default\">\n\t\t\t\t<div class=\"elementor-widget-container\">\n\t\t\t\t\t\t\t\t\t<h5><span style=\"color: #ff6600;\">F\u00fchrung<\/span><\/h5><p>F\u00fchrungskompetenzen weiterentwickeln, Mitarbeitende gezielt f\u00f6rdern und eine nachhaltige F\u00fchrungskultur gestalten.<\/p><p>\u00a0<\/p>\t\t\t\t\t\t\t\t<\/div>\n\t\t\t\t<\/div>\n\t\t\t\t<\/div>\n\t\t<div class=\"elementor-element elementor-element-5398f9e e-con-full e-flex e-con e-child\" data-id=\"5398f9e\" data-element_type=\"container\" data-settings=\"{&quot;background_background&quot;:&quot;classic&quot;}\">\n\t\t\t\t<div class=\"elementor-element elementor-element-dc16524 elementor-widget elementor-widget-text-editor\" data-id=\"dc16524\" data-element_type=\"widget\" data-widget_type=\"text-editor.default\">\n\t\t\t\t<div class=\"elementor-widget-container\">\n\t\t\t\t\t\t\t\t\t<h5><span style=\"color: #ff6600;\">Verhandlungen<\/span><\/h5><p>Verhandlungssicherheit st\u00e4rken, Interessen erfolgreich vertreten und tragf\u00e4hige Ergebnisse erzielen.<\/p><p>\u00a0<\/p>\t\t\t\t\t\t\t\t<\/div>\n\t\t\t\t<\/div>\n\t\t\t\t<\/div>\n\t\t\t\t<\/div>\n\t\t\t\t<div class=\"elementor-element elementor-element-078d0b7 elementor-widget elementor-widget-text-editor\" data-id=\"078d0b7\" data-element_type=\"widget\" data-widget_type=\"text-editor.default\">\n\t\t\t\t<div class=\"elementor-widget-container\">\n\t\t\t\t\t\t\t\t\t<p>Die Beratung bietet fachliche Expertise und gezielte Impulse, um Herausforderungen zu strukturieren, fundierte Entscheidungen zu treffen und neue L\u00f6sungswege zu entwickeln. Durch reflektierte Gespr\u00e4che und praxisnahe Empfehlungen entsteht mehr Klarheit in der Umsetzung.<\/p><p>Der Fokus liegt auf einer handlungsorientierten Begleitung, die dabei unterst\u00fctzt, Strategien gezielt weiterzuentwickeln und erfolgreich in die Praxis zu \u00fcbertragen.<br \/><br \/>Durch praxisnahe Empfehlungen, strategische Impulse und neue Perspektiven entsteht mehr Klarheit in der Umsetzung, Sicherheit in Entscheidungen und nachhaltige Handlungskompetenz. So lassen sich Herausforderungen gezielt bew\u00e4ltigen, Prozesse optimieren und langfristiger Erfolg sichern.<\/p>\t\t\t\t\t\t\t\t<\/div>\n\t\t\t\t<\/div>\n\t\t\t\t<div class=\"elementor-element elementor-element-150bb4e elementor-widget elementor-widget-heading\" data-id=\"150bb4e\" data-element_type=\"widget\" data-widget_type=\"heading.default\">\n\t\t\t\t<div class=\"elementor-widget-container\">\n\t\t\t\t\t<h4 class=\"elementor-heading-title elementor-size-default\">Interesse geweckt? Kontaktieren Sie mich f\u00fcr ein Kennenlerngespr\u00e4ch<\/h4>\t\t\t\t<\/div>\n\t\t\t\t<\/div>\n\t\t\t\t<div class=\"elementor-element elementor-element-116446d elementor-widget elementor-widget-button\" data-id=\"116446d\" data-element_type=\"widget\" data-widget_type=\"button.default\">\n\t\t\t\t<div class=\"elementor-widget-container\">\n\t\t\t\t\t\t\t\t\t<div class=\"elementor-button-wrapper\">\n\t\t\t\t\t<a class=\"elementor-button elementor-button-link elementor-size-sm\" href=\"#\">\n\t\t\t\t\t\t<span class=\"elementor-button-content-wrapper\">\n\t\t\t\t\t\t\t\t\t<span class=\"elementor-button-text\">Kontakt<\/span>\n\t\t\t\t\t<\/span>\n\t\t\t\t\t<\/a>\n\t\t\t\t<\/div>\n\t\t\t\t\t\t\t\t<\/div>\n\t\t\t\t<\/div>\n\t\t\t\t\t<\/div>\n\t\t\t\t<\/div>\n\t\t\t\t<\/div>\n\t\t","protected":false},"excerpt":{"rendered":"<p>Individuelle Beratung klar, reflektiert &amp; handlungsorientiert Kontaktieren Mehr Erfahren Kommunikation: Strategien entwickeln, um klar, zielgerichtet und \u00fcberzeugend zu kommunizieren \u2013 auch in herausfordernden Situationen. \u00a0 Pr\u00e4sentation \u00a0Inhalte wirkungsvoll aufbereiten, souver\u00e4n pr\u00e4sentieren und die eigene Pr\u00e4senz gezielt optimieren. \u00a0 F\u00fchrung F\u00fchrungskompetenzen weiterentwickeln, Mitarbeitende gezielt f\u00f6rdern und eine nachhaltige F\u00fchrungskultur gestalten. \u00a0 Verhandlungen Verhandlungssicherheit st\u00e4rken, Interessen erfolgreich [&hellip;]<\/p>\n","protected":false},"author":1,"featured_media":0,"parent":0,"menu_order":0,"comment_status":"closed","ping_status":"closed","template":"","meta":{"footnotes":""},"class_list":["post-665","page","type-page","status-publish","hentry"],"blocksy_meta":[],"_links":{"self":[{"href":"https:\/\/blissful-tesla.45-82-121-115.plesk.page\/index.php\/wp-json\/wp\/v2\/pages\/665","targetHints":{"allow":["GET"]}}],"collection":[{"href":"https:\/\/blissful-tesla.45-82-121-115.plesk.page\/index.php\/wp-json\/wp\/v2\/pages"}],"about":[{"href":"https:\/\/blissful-tesla.45-82-121-115.plesk.page\/index.php\/wp-json\/wp\/v2\/types\/page"}],"author":[{"embeddable":true,"href":"https:\/\/blissful-tesla.45-82-121-115.plesk.page\/index.php\/wp-json\/wp\/v2\/users\/1"}],"replies":[{"embeddable":true,"href":"https:\/\/blissful-tesla.45-82-121-115.plesk.page\/index.php\/wp-json\/wp\/v2\/comments?post=665"}],"version-history":[{"count":23,"href":"https:\/\/blissful-tesla.45-82-121-115.plesk.page\/index.php\/wp-json\/wp\/v2\/pages\/665\/revisions"}],"predecessor-version":[{"id":795,"href":"https:\/\/blissful-tesla.45-82-121-115.plesk.page\/index.php\/wp-json\/wp\/v2\/pages\/665\/revisions\/795"}],"wp:attachment":[{"href":"https:\/\/blissful-tesla.45-82-121-115.plesk.page\/index.php\/wp-json\/wp\/v2\/media?parent=665"}],"curies":[{"name":"wp","href":"https:\/\/api.w.org\/{rel}","templated":true}]}}